or of 49 and k?
7
Let u(l) = -8*l**2 + 13*l - 46. Let m be u(4). Let t be ((-286)/(-8))/((-3)/(-12)). Let a = m + t. Calculate the greatest common factor of a and 21.
21
Suppose k = -3, 4*o - 3*o + 4*k = -11. Suppose -3*c - r + 15 = -o, 40 = 5*c - 5*r. Let a = 70 - c. Calculate the greatest common divisor of a and 8.
8
Suppose 15*x - 20 = 10*x. Suppose 5*r + 0*r = -5*p + 55, 5*r - 47 = -4*p. What is the highest common divisor of x and p?
4
Let j(i) = -i**3 - 4*i**2 - 10*i + 11. Let s be j(-5). Let p = 366 - s. Suppose 33 - 313 = -8*c. What is the highest common factor of c and p?
35
Suppose 0 = -8*p + 144 + 72. Suppose -b = -23 + 7. Let j = b + -7. What is the greatest common factor of j and p?
9
Let z(y) = 36*y**2 + 19*y + 33. Let i be z(-5). Suppose 31*k + i = 16028. Calculate the highest common divisor of 10 and k.
10
Let m(g) = 1156*g**2 + 12*g - 43. Let l be m(2). Calculate the greatest common factor of 15 and l.
15
Suppose -52 = 11*o - 12*o + f, -f + 233 = 4*o. Suppose -o*z + 56*z = -45. Calculate the highest common factor of z and 60.
15
Let u be 1084482/252 - (-6)/4. Calculate the highest common factor of 369 and u.
123
Suppose -4*w - 700 = -8*w. Let a = w + -105. Let m = a - 19. Calculate the greatest common factor of m and 17.
17
Let k be 1/((-26)/(-4)) - (-412)/26. Suppose -o - 3*s + 12 = 0, 12*o + 4*s + 32 = k*o. Calculate the highest common divisor of o and 36.
9
Let g = 5 + 4. Let h be (-1)/((-1)/(-2)) + g. Let b(x) = -x**3 - 5*x**2 - 46*x - 242. Let l be b(-6). Calculate the highest common factor of h and l.
7
Suppose 43*b = -0*b + 1032. What is the greatest common factor of b and 12?
12
Let s = 89672 - 89419. Suppose 82 + 6 = 4*p. Calculate the greatest common factor of p and s.
11
Let p = 1120 - -5160. What is the greatest common factor of 120 and p?
40
Let q = -34 - -46. Let j be (40/q)/5*3. Suppose j*g = 0, 4*w - 2*g = w + 15. Calculate the greatest common factor of w and 85.
5
Suppose -2*c - 6*o + 4*o + 74 = 0, -4*o = 2*c - 68. Suppose -198 - c = -7*y. What is the highest common factor of 2 and y?
2
Let j be (1020/1275)/((-2)/(-340)). Suppose -2*x + x = -17. What is the highest common divisor of j and x?
17
Let d(g) = 4*g**3 - 2*g**2 - 5*g + 4. Let m be d(4). Suppose -891 = -15*a - 111. What is the greatest common divisor of m and a?
52
Suppose 0 = 3*j + 220 - 226. Let u be (-2)/(j/(-33)) + (-196 - -202). Calculate the greatest common factor of u and 39.
39
Suppose -6*a - 249 = -3*s - 7*a, 0 = s - 8*a - 8. Suppose 500 = 6*r - r. What is the highest common divisor of r and s?
20
Let v(a) = 2*a**2 + 2*a + 28. Let x = -125 - -125. Suppose x*k + 3*k = -18. Let q be v(k). What is the greatest common factor of 11 and q?
11
Let h be 5/1 + 966/(171/18 + -8). Calculate the highest common divisor of h and 295.
59
Suppose -3*n + 3 = g, 7*n - 1 = 3*g + 6*n. Suppose g = 9*k - 519 - 84. Calculate the highest common factor of k and 1675.
67
Let n be (-598)/(-92) - (-2)/(-4). Calculate the greatest common divisor of 1137 and n.
3
Let t = -479 + 613. Let b(o) = -3*o**3 + o**2 - 6*o - 31. Let k be b(-4). What is the highest common factor of k and t?
67
Let b be 4/38 - (-253446)/3021. What is the greatest common divisor of 4396 and b?
28
Let r(z) = 903*z - 555. Let k be r(1). Calculate the highest common factor of k and 102.
6
Suppose -58 = 2*r - 4*x - 118, -4*r = x - 129. Let d = -5 - -8. Suppose 480 = d*m - 0. Calculate the greatest common divisor of m and r.
32
Let c(n) = n**3 - 39*n**2 + 74*n + 35. Let i be c(37). Suppose -v - i = 30*w - 33*w, 3*w + 5*v = 41. Calculate the highest common divisor of 20 and w.
4
Let v be (48/18)/(2/3). Suppose -v*t + 3*m + 289 = -0*m, -5*t = 2*m - 344. Let s be (-16)/(-10)*70/4. Calculate the highest common factor of s and t.
14
Suppose -574 = -5*h + p, -3*h - 5*p - 184 + 506 = 0. Let s be -3 + (-14)/(-21)*h/4. Calculate the highest common divisor of 40 and s.
8
Suppose 4*i = -5*o - 30, -o + 50*i = 51*i + 7. Let n be 24/o*30/(1/(-1)). Calculate the greatest common divisor of 288 and n.
72
Let j = -24 + 54. Suppose -i + 2*k = -3 + 14, -2*i + 2*k = j. Let d be -1 + (-2)/(-3) - i/3. What is the greatest common factor of 54 and d?
6
Let r = -2627 - -2681. What is the greatest common factor of r and 162?
54
Let k = 112 + -107. Suppose -k*g + 966 = 18*g. Calculate the highest common divisor of 1344 and g.
42
Let p be 15 + 152 + (-6 - 6). What is the greatest common factor of p and 20?
5
Suppose 28 = 4*c + 2*a - 28, -2*a + 42 = 3*c. Suppose -c*j + 22 = -3*j. Suppose 0*p + j*p = 82. What is the highest common divisor of 82 and p?
41
Let f(q) = 2*q**2 + 2*q - 103. Let p be f(-9). Suppose -k + 250 = p. What is the highest common factor of k and 11?
11
Suppose -p = 134 - 80. Let u be p/(-12) + -3 - 506/(-4). What is the highest common divisor of u and 16?
16
Let h be 3*(-20)/18*9. Let u = h - -30. Suppose u = i - 52 + 18. Calculate the greatest common divisor of i and 34.
34
Suppose v - 1 = -3, v - 10 = -3*r. Let w be (r + 0)*66/4. What is the highest common factor of 231 and w?
33
Suppose -615*x = -773*x + 13588. Calculate the greatest common factor of x and 2666.
86
Suppose -f - 5*g + 29 = 0, 2*f - 3*g - 18 = -5*g. Let q(l) = 18*l + 9. Let j be q(f). Suppose 77*k - j*k = -132. Calculate the highest common factor of k and 3.
3
Suppose 5*n + 464 - 294 = 0. Let s(i) = -i**3 - 35*i**2 - 35*i - 21. Let x be s(n). Calculate the highest common divisor of 117 and x.
13
Let a be (-21)/(1 - (-8)/(-9)). Let k be 6/(-24) - a/4. Let s be (3/18)/((-17)/(-4794)). What is the greatest common divisor of s and k?
47
Suppose -4*d + 1192 = -2*p, 3*p - 4 + 16 = 0. Suppose -289*x = -d*x + 70. Suppose 4*q = 476 + 284. What is the greatest common divisor of x and q?
10
Let b be 0 + (-15)/(-5) + 0 + -1. Suppose 0*h - 3*a - 143 = -b*h, 3*h - 202 = 2*a. Let j = -58 + h. What is the highest common factor of 3 and j?
3
Let m(l) = 10*l**2 - 6*l - 1. Let z be m(6). Suppose -11*f = -z - 1855. Let c = 34 + -16. What is the highest common divisor of f and c?
18
Let x = -280 + 277. Let d be 8/2 - (-14)/(-3)*x. Calculate the highest common factor of 18 and d.
18
Let t be -3 + 2*20/8. Let g = t - -2. Suppose 3 = -2*v + 5*v. What is the greatest common divisor of v and g?
1
Let l be (-4800)/224*(0 - 119). Calculate the greatest common divisor of 18 and l.
6
Let d be (-1 - -5) + (-189)/(-9). Let h = d - -5. Let g = h - -15. Calculate the highest common divisor of 18 and g.
9
Let m(f) = -f**3 - 10*f**2 - 17*f - 6. Let d be m(-8). Let x be (-3)/((6 - d)/(-4)). Suppose x*s + 13 - 247 = 0. What is the highest common divisor of 39 and s?
39
Let w(q) = -2*q - 4. Let c be w(-4). Suppose -28 = -c*r + j - 5, -r - 3*j - 4 = 0. Let n = 50 - r. What is the greatest common factor of n and 9?
9
Let o(b) = 3*b**3 + 642*b + 762*b - 19*b**2 - 1274*b + 4. Let r be o(6). What is the greatest common factor of 11 and r?
11
Suppose 37*t - 120*t + 664 = 0. Let b be 216/10 - (-2)/5. What is the highest common factor of t and b?
2
Let o be (4 + -3 + 2)*132. Suppose -7945 - 4199 = -66*k - 72*k. What is the highest common divisor of k and o?
44
Let g = -420 + 2084. What is the highest common divisor of 156 and g?
52
Let o(a) = -20*a - 10. Let t be o(6). Let d = -192 - t. Let h = d - -66. What is the highest common factor of h and 32?
4
Let t be 21/(-35)*(-58 - -38). What is the highest common divisor of t and 178?
2
Let b = -4794 + 4866. What is the greatest common factor of 6 and b?
6
Let y be 4/(-3)*117/(-4). Let v be y/26*128/6. What is the greatest common factor of 512 and v?
32
Let j = 98 + -18. Let m = 118 - j. Let g = m + -3. Calculate the highest common factor of 5 and g.
5
Let q(x) = x**3 - 2*x**2 - 5*x - 2. Let w be q(4). Let m be (6/(-4) - -2)*(11 - -3). Suppose 60 = -p + m*p. Calculate the highest common factor of w and p.
10
Let r(w) be the third derivative of w**5/60 - w**4/24 + 7*w**3 - w**2 + 12. Let m be r(9). Calculate the highest common factor of 6 and m.
6
Let h = 54127 - 43177. What is the greatest common factor of h and 6?
6
Suppose -4*c = -c + 4*n - 525, 5*c - 2*n - 849 = 0. Let v be (-186)/(-2) + -8 + 35/28*8. Calculate the highest common factor of v and c.
19
Let t(l) = l**2 - 6*l + 3. Let f be t(6). Let v be f + (598/8 - (-1)/4). Let z = 100 - v. Cal